{"id":104,"date":"2020-12-14T09:38:41","date_gmt":"2020-12-14T09:38:41","guid":{"rendered":"http:\/\/mellettedvagyok.hu\/?page_id=104"},"modified":"2021-05-17T16:40:48","modified_gmt":"2021-05-17T16:40:48","slug":"rolam","status":"publish","type":"page","link":"http:\/\/mellettedvagyok.hu\/index.php\/rolam\/","title":{"rendered":"R\u00f3lam"},"content":{"rendered":"\r\n<p class=\"justify\">T\u00f6bb, mint 15 \u00e9ve foglalkozom feln\u0151ttek oktat\u00e1s\u00e1val. Kezdetben egyetemi oktat\u00f3k\u00e9nt, majd tr\u00e9nerk\u00e9nt is elkezdtem tev\u00e9kenykedni az egyetemen. F\u0151k\u00e9nt kommunik\u00e1ci\u00f3hoz kapcsol\u00f3d\u00f3 t\u00e1rgyakat oktattam, emellett kompetenciafejleszt\u0151 tr\u00e9ningeket tartottam. K\u00e9s\u0151bb tr\u00e9ningeket m\u00e1r nagyv\u00e1llalatokn\u00e1l is vezettem, sok hasznos tapasztalatot szerezve \u00edgy az emberek lelki m\u0171k\u00f6d\u00e9s\u00e9r\u0151l.<br \/>Id\u0151vel egyre ink\u00e1bb \u00e9rdekelni kezdtek a spiritu\u00e1lis t\u00e9m\u00e1k is. N\u0151k\u00e9nt neh\u00e9zs\u00e9geket magam m\u00f6g\u00f6tt hagyva \u00e9s v\u00e1laszokat kutatva, &#8211; valamint a felhalmozott ismereteket, tapasztalatokat felhaszn\u00e1lva \u2013 kezdtem el lelki t\u00e9m\u00e1kkal, programokkal foglalkozni. Ezen bel\u00fcl annak okaival, hogy mely t\u00e9nyez\u0151k \u00e1llhatnak a sikertelens\u00e9geink, elakad\u00e1saink, probl\u00e9m\u00e1ink, ki\u00fattalans\u00e1gaink m\u00f6g\u00f6tt. F\u0151k\u00e9nt az \u00e9rdekel, hogy melyek lehetnek a gy\u00f6k\u00e9rokai a folyamatos kudarcoknak, \u00e9s az \u00f6nbecs\u00fcl\u00e9s, \u00f6nbizalom hi\u00e1nyainak. Seg\u00edt\u0151k\u00e9nt sz\u00e1momra fontos, hogy teljess\u00e9g\u00e9ben n\u00e9zzem az embert, a m\u00faltj\u00e1t, a lelki s\u00e9r\u00fcl\u00e9seit, az \u0151seit\u0151l \u00f6r\u00f6k\u00f6lt mint\u00e1it,\u00a0\u00a0valamint a g\u00e1tl\u00f3 gondolatokat, amelyek mind-mind meghat\u00e1rozz\u00e1k m\u0171k\u00f6d\u00e9s\u00e9t, \u00e9s \u00e9let\u00e9nek min\u0151s\u00e9g\u00e9t.<\/p>\r\n<p>&nbsp;<\/p>\r\n<h2 style=\"text-align: center;\"><strong>Ezt mondt\u00e1k r\u00f3lam&#8230;<\/strong><\/h2>\r\n<p>&nbsp;<\/p>\r\n\r\n<div style=\"border: 2px solid black; border-radius: 15px\">\r\n<table width=\"100%\" align=\"center\">\r\n    <tr>\r\n        <td width=\"5%\" colspan=\"5\" height=\"20px\"><\/td>\r\n    <tr>\r\n    <tr>\r\n        <td width=\"5%\"><\/td>\r\n        <td width=\"30%\" colspan=\"3\" style=\"text-align: right; color: black; size: medium\"><em>\u201eR\u00e9g\u00f3ta kerestem a probl\u00e9m\u00e1im ok\u00e1t, de k\u00f6zben nem haladt el\u0151re az \u00e9letem. Nem gondoltam volna, hogy neked k\u00f6sz\u00f6nhet\u0151en ott keressem a bajok gy\u00f6ker\u00e9t, ahol eddig nem. Felmen\u0151imt\u0151l s\u00falyos blokkokat \u00f6r\u00f6k\u00f6ltem, amit v\u00e9g\u00fcl k\u00f6z\u00f6sen meglelt\u00fcnk. Vezetett medit\u00e1ci\u00f3id pedig m\u0171k\u00f6dtek, \u00e9s most sokkal nyugodtabban \u00e9lem az \u00e9letem. K\u00f6sz\u00f6n\u00f6m!\u201d<\/em><\/td>\r\n        <td width=\"5%\"><\/td>\r\n    <tr>\r\n    <\/tr>\r\n        <td width=\"5%\"><\/td>\r\n        <td width=\"30%\" style=\"text-align: left; color: black; size: medium\"><em>2021-02-04<\/em><\/td>\r\n        <td width=\"30%\"><\/td>\r\n        <td width=\"30%\" style=\"text-align: right; color: black; size: medium\"><em>H. Zsuzsi<\/em><\/td>\r\n        <td width=\"5%\"><\/td>\r\n    <\/tr>\r\n<\/table>\r\n<\/div>\r\n<br><br>\r\n<div style=\"border: 2px solid black; border-radius: 15px\">\r\n<table width=\"100%\" align=\"center\">\r\n    <tr>\r\n        <td width=\"5%\" colspan=\"5\" height=\"20px\"><\/td>\r\n    <tr>\r\n    <tr>\r\n        <td width=\"5%\"><\/td>\r\n        <td width=\"30%\" colspan=\"3\" style=\"text-align: right; color: black; size: medium\"><em>\u201eSzia Zsuzsa! Sokat gondolkodtam, hogy fejezzem ki h\u00e1l\u00e1mat szavakba \u00f6ntve, de erre, ami tett\u00e9l a lelkemmel csak egy sz\u00f3 jut eszembe. K\u00d6SZ\u00d6N\u00d6M!!!\u201d<\/em><\/td>\r\n        <td width=\"5%\"><\/td>\r\n    <tr>\r\n    <\/tr>\r\n        <td width=\"5%\"><\/td>\r\n        <td width=\"30%\" style=\"text-align: left; color: black; size: medium\"><em>2021-01-14<\/em><\/td>\r\n        <td width=\"30%\"><\/td>\r\n        <td width=\"30%\" style=\"text-align: right; color: black; size: medium\"><em>M. Tibor<\/em><\/td>\r\n        <td width=\"5%\"><\/td>\r\n    <\/tr>\r\n<\/table>\r\n<\/div>\r\n<br><br>\r\n<div style=\"border: 2px solid black; border-radius: 15px\">\r\n<table width=\"100%\" align=\"center\">\r\n    <tr>\r\n        <td width=\"5%\" colspan=\"5\" height=\"20px\"><\/td>\r\n    <tr>\r\n    <tr>\r\n        <td width=\"5%\"><\/td>\r\n        <td width=\"30%\" colspan=\"3\" style=\"text-align: right; color: black; size: medium\"><em>\u201eKedves Zsuzsa!\r\nK\u00f6sz\u00f6nettel tartozom neked, ami\u00e9rt megtan\u00edtottad velem azt, hogy az \u00e9letem t\u00f6rt\u00e9n\u00e9sei\u00e9rt csak is \u00e9n vagyok a felel\u0151s. Seg\u00edtett\u00e9l az \u00f6nmagammal v\u00edvott harc lek\u00fczd\u00e9s\u00e9ben azzal, hogy megkerest\u00fck a s\u00e9relmek ok\u00e1t, amit legt\u00f6bbsz\u00f6r a csal\u00e1dom m\u00faltj\u00e1ban lelt\u00fcnk meg. \r\nK\u00f6sz\u00f6n\u00f6m, hogy mindig meg\u00e9rt\u0151 \u00e9s t\u00fcrelmes volt\u00e1l velem, b\u00e1rmennyire is rossz \u00e1llapotban voltam. Olyan \u00fatra vezett\u00e9l, amelyre n\u00e9lk\u00fcled sosem t\u00e9vedtem volna.\u201d<\/em><\/td>\r\n        <td width=\"5%\"><\/td>\r\n    <tr>\r\n    <\/tr>\r\n        <td width=\"5%\"><\/td>\r\n        <td width=\"30%\" style=\"text-align: left; color: black; size: medium\"><em>2021-01-01<\/em><\/td>\r\n        <td width=\"30%\"><\/td>\r\n        <td width=\"30%\" style=\"text-align: right; color: black; size: medium\"><em>Zs\u00f3fi<\/em><\/td>\r\n        <td width=\"5%\"><\/td>\r\n    <\/tr>\r\n<\/table>\r\n<\/div>\r\n<br><br>\r\n\r\n","protected":false},"excerpt":{"rendered":"<p>T\u00f6bb, mint 15 \u00e9ve foglalkozom feln\u0151ttek oktat\u00e1s\u00e1val. Kezdetben egyetemi oktat\u00f3k\u00e9nt, majd tr\u00e9nerk\u00e9nt is elkezdtem tev\u00e9kenykedni az egyetemen. F\u0151k\u00e9nt kommunik\u00e1ci\u00f3hoz kapcsol\u00f3d\u00f3 t\u00e1rgyakat oktattam, emellett kompetenciafejleszt\u0151 tr\u00e9ningeket tartottam. K\u00e9s\u0151bb tr\u00e9ningeket m\u00e1r nagyv\u00e1llalatokn\u00e1l is vezettem, sok hasznos tapasztalatot szerezve \u00edgy az emberek lelki m\u0171k\u00f6d\u00e9s\u00e9r\u0151l.Id\u0151vel egyre ink\u00e1bb \u00e9rdekelni kezdtek a spiritu\u00e1lis t\u00e9m\u00e1k is. N\u0151k\u00e9nt neh\u00e9zs\u00e9geket magam m\u00f6g\u00f6tt hagyva \u00e9s [&hellip;]<\/p>\n","protected":false},"author":3,"featured_media":256,"parent":0,"menu_order":0,"comment_status":"closed","ping_status":"closed","template":"","meta":{"_monsterinsights_skip_tracking":false,"_monsterinsights_sitenote_active":false,"_monsterinsights_sitenote_note":"","_monsterinsights_sitenote_category":0},"_links":{"self":[{"href":"http:\/\/mellettedvagyok.hu\/index.php\/wp-json\/wp\/v2\/pages\/104"}],"collection":[{"href":"http:\/\/mellettedvagyok.hu\/index.php\/wp-json\/wp\/v2\/pages"}],"about":[{"href":"http:\/\/mellettedvagyok.hu\/index.php\/wp-json\/wp\/v2\/types\/page"}],"author":[{"embeddable":true,"href":"http:\/\/mellettedvagyok.hu\/index.php\/wp-json\/wp\/v2\/users\/3"}],"replies":[{"embeddable":true,"href":"http:\/\/mellettedvagyok.hu\/index.php\/wp-json\/wp\/v2\/comments?post=104"}],"version-history":[{"count":5,"href":"http:\/\/mellettedvagyok.hu\/index.php\/wp-json\/wp\/v2\/pages\/104\/revisions"}],"predecessor-version":[{"id":730,"href":"http:\/\/mellettedvagyok.hu\/index.php\/wp-json\/wp\/v2\/pages\/104\/revisions\/730"}],"wp:featuredmedia":[{"embeddable":true,"href":"http:\/\/mellettedvagyok.hu\/index.php\/wp-json\/wp\/v2\/media\/256"}],"wp:attachment":[{"href":"http:\/\/mellettedvagyok.hu\/index.php\/wp-json\/wp\/v2\/media?parent=104"}],"curies":[{"name":"wp","href":"https:\/\/api.w.org\/{rel}","templated":true}]}}